40.
5
Suppose 2 + 3 = t. Suppose 3*b = 151 + 47. Suppose 0 = -t*f + 84 + b. What is the greatest common divisor of 10 and f?
10
Let r = 168 + -112. Suppose 0*s + 76 = s. Suppose 2*t - 8 = -o + 4*t, 0 = -5*o - 2*t + s. Calculate the greatest common factor of o and r.
14
Let f = 302 - 130. Calculate the highest common divisor of 43 and f.
43
Suppose 3 = 4*b - 5. Let g be (-22)/(-4)*4/b. Let h = g + -8. What is the greatest common divisor of h and 2?
1
Let v be -3 + (1 - 0)*0. Let r be (2 - (-18)/v)*-1. Suppose 3*y - 312 = -5*f, -r*f = 2*y - 260 + 52. Calculate the greatest common factor of y and 13.
13
Let y(g) = 7 - 6 - 2 + 0*g**3 + g**3 + 6*g**2. Let j be y(-6). Let d be (-13)/j + (-1 - -1). Calculate the greatest common divisor of d and 65.
13
Let f = -103 + 106. Calculate the greatest common divisor of 87 and f.
3
Let f be 169/4 - 1/4. Let n = 68 - f. What is the greatest common factor of n and 26?
26
Let y(l) = -l**3 - 2*l**2 + l + 2. Let q be y(-2). Suppose -5*w + q*w + 120 = 0. Let k be ((-18)/(-15))/(6/40). Calculate the highest common divisor of w and k.
8
Let l be (4*45/(-6))/(-2). Suppose -3*r + 29 = 2*w, -3*w = -r - 5*w + l. What is the greatest common divisor of 49 and r?
7
Let b(y) = y**2 - 3*y - 3. Let m be b(-2). Let q = m - 2. Suppose -4*o - 6 = d - 30, -q*o = -5*d + 120. Calculate the highest common divisor of 12 and d.
12
Let y(q) = q**2 - 8*q + 7. Let p(n) = -2*n - 2. Let k be p(-4). Let c be y(k). Let r = 15 + c. Calculate the highest common divisor of r and 40.
10
Let i = -73 - -87. Calculate the highest common factor of 35 and i.
7
Let o = 32 - 21. Suppose 0 = -3*x + 2*g - 1, 3*x + 6 = x - 4*g. Let s = o + x. What is the highest common factor of 80 and s?
10
Let w = 2 + 2. Let m be w/14 - 4/14. Suppose -45 = -5*d + z, m*d + 2*z - 20 = -d. Calculate the greatest common divisor of 110 and d.
10
Let n be (35/21)/((-1)/(-45)). Suppose -2*a - 106 = -3*a. Suppose -4*z + 9 = -5*y - a, 3*z = 2*y + 88. What is the greatest common divisor of z and n?
15
Suppose 3*k + 3*i - 15 = 93, 3*i = 12. Let t be (-1 - 4/(-8))*-24. Let x = 16 - t. Calculate the greatest common divisor of k and x.
4
Let r be (0 + -1)/(-1) - 18. Let g = r - -25. Let z = -111 - -112. Calculate the highest common divisor of z and g.
1
Suppose l - 10 - 18 = 0. What is the highest common divisor of 14 and l?
14
Let w = 223 - 135. Calculate the highest common divisor of w and 11.
11
Let j be (21/(-9)*3)/((-2)/6). What is the highest common divisor of 28 and j?
7
Let d = -333 + 209. Let p be (-4)/(-14) + d/(-7). Suppose 27 = 3*v - p. What is the greatest common divisor of 6 and v?
3
Suppose -4*j + 9 = -3*j. What is the highest common factor of 6 and j?
3
Let i(b) = b**3 + 5*b**2 - 6. Let z be i(-4). Calculate the greatest common divisor of z and 30.
10
Let p be ((-18)/3)/((-4)/(96/9)). What is the greatest common factor of 48 and p?
16
Let w be (-11)/(1*(-5)/30). What is the highest common factor of 6 and w?
6
Let l = 23 - 15. Suppose 4*y = l + 28. What is the highest common divisor of y and 9?
9
Let q(z) = -z**2 - 4*z + 1. Let m be q(-2). Let k = m + -3. What is the highest common factor of 3 and k?
1
Suppose -7*v + 366 = -10*v. Let i be -2 + 1 + -2 - v. What is the greatest common factor of i and 17?
17
Let m(h) = -h**3 - 3*h**2 + 5*h + 5. Let a be m(-5). What is the greatest common factor of a and 5?
5
Let p(m) = -m**2 - 2*m + 33. Let g be p(0). Calculate the greatest common divisor of 3 and g.
3
Let t be 91 - 0/((-2)/(-1)). Let h(r) = -r**3 - 3*r**2 + r + 1. Let l be 4/(-3)*3*1. Let g be h(l). Calculate the greatest common divisor of g and t.
13
Let s be (-2)/((-10)/4 - -2). What is the greatest common factor of s and 36?
4
Let w = -4 + 8. Let g be (16/w)/((-4)/(-30)). What is the greatest common factor of g and 10?
10
Let c(j) = 5*j - 13. Let s(d) = -6*d + 14. Let t(r) = -7*c(r) - 6*s(r). Let z be t(8). What is the greatest common divisor of z and 6?
3
Let r(y) = -y**3 + 4*y**2 + 15*y - 13. Let j be r(6). What is the greatest common divisor of j and 1?
1
Let j(h) be the third derivative of h**5/60 - h**4/6 - h**3/6 + 5*h**2. Let o be j(-3). What is the greatest common divisor of 140 and o?
20
Let m(w) = -53*w - 3. Let u be m(-1). What is the greatest common divisor of u and 25?
25
Suppose 4 = 4*t - 4. Calculate the highest common factor of 4 and t.
2
Let o be 1/(-3*(-3)/27). Suppose f + 18 = 2*t + o*f, 3*t = -4*f + 32. Suppose 3*w = 5*w - t. Calculate the greatest common factor of w and 10.
2
Let s = 47 + -23. Let b = -14 + s. What is the highest common divisor of b and 2?
2
Let y = 484 + -259. What is the highest common factor of y and 90?
45
Let q = 320 + -224. Let t(d) = d**2 - d + 4. Let g be t(-4). Calculate the greatest common divisor of q and g.
24
Let x = -2 + 1. Let u be x/(3/(-9*6)). Let j = 41 + -23. What is the greatest common factor of u and j?
18
Let c(i) = 60*i - 27. Let r be c(5). Calculate the greatest common divisor of 39 and r.
39
Suppose 24 = 3*c + x - 19, x + 9 = c. Calculate the greatest common divisor of c and 117.
13
Suppose -11*c + 216 = -26. What is the greatest common divisor of c and 176?
22
Let t = 69 - -11. Suppose 4*a - t = -2*k + 6*k, -2*k = -4*a + 70. Calculate the highest common factor of a and 6.
3
Suppose 12*u = -13 + 73. Let z(l) = l**3 - 6*l**2 + 5*l - 5. Let h be z(6). Calculate the greatest common divisor of h and u.
5
Let r(k) = -k**3 - 5*k**2 - 3*k + 5. Let j = 11 + -15. Let c be r(j). Let m be (-2)/c - -4*1. What is the greatest common factor of 6 and m?
2
Suppose 4*k - 36 = 120. Suppose -126 = -5*i + k. Calculate the greatest common factor of 3 and i.
3
Suppose 3*h + 12 = 4*u, -3*u - 3*h + 9 = -h. Suppose 10 = -b + u*b. Suppose b*k = 5*w + 25, -4*k + k + 45 = 3*w. What is the highest common divisor of k and 90?
10
Suppose -4*w + 5*y + 23 = 0, 5*y + 4 + 5 = -3*w. Let k be -1 - -2 - (-2 - -1). What is the highest common factor of k and w?
2
Suppose 4*o - 4*x - 103 - 85 = 0, o + 5*x = 71. What is the highest common factor of 34 and o?
17
Let p = 160 + -145. What is the greatest common factor of p and 105?
15
Let o(h) = h - 11. Let u be o(7). Let s(k) = 3*k**2 + k + 2. Let p be s(u). What is the highest common divisor of 115 and p?
23
Suppose 5*u + 1 = 16. Suppose -b = 2*b. Suppose -23 = -u*f - 2*j, b = -2*f - 2*f - j + 39. Calculate the greatest common factor of 33 and f.
11
Let l = -6 + 11. Suppose 5*j - l = -0*j, -j - 5 = -3*y. Calculate the highest common divisor of 2 and y.
2
Suppose -2*g + 48 = -224. Let t = 53 + -145. Let d = t + g. Calculate the greatest common divisor of d and 11.
11
Suppose 4*u - 36 = -16. Let p = 1 + 2. Suppose p*y - 4 = y. What is the highest common divisor of u and y?
1
Suppose 3*u + 16 = 7*u. Let c be -3 - (u/1 + -67). Calculate the highest common divisor of 40 and c.
20
Let c(d) = 4*d. Let j be c(2). Calculate the highest common divisor of 12 and j.
4
Let p = -47 + 89. Calculate the greatest common divisor of 14 and p.
14
Let l(f) = f + 1. Let o be l(10). Calculate the greatest common factor of 275 and o.
11
Let u(p) = 17*p**3 + 3*p**2 - 3*p + 5. Let f be u(2). Calculate the highest common factor of f and 21.
21
Suppose 6*x - 70 = x. Let c = -3 - -31. Calculate the greatest common divisor of c and x.
14
Let m(f) = 13*f**3 - 2*f**2 + 4*f - 5. Let j be m(2). What is the greatest common factor of 22 and j?
11
Let a = -21 - -66. What is the highest common factor of a and 9?
9
Suppose 0 = -2*c + 2*o + 84, -6*c + c - 2*o = -217. Calculate the greatest common factor of 43 and c.
43
Let n be (17 - (4 - 6))*1. Suppose -13 = -3*u + 5. Let y be 1/(-3) - (-344)/u. What is the highest common divisor of n and y?
19
Let d be (-6 + 3)/((-5)/5). What is the greatest common factor of 6 and d?
3
Suppose -6*s + 37 + 17 = 0. What is the highest common divisor of 1 and s?
1
Suppose 0 = 3*y - 74 - 70. Calculate the greatest common divisor of 32 and y.
16
Let u be (-1*7)/(2/(-6)). Calculate the highest common factor of u and 14.
7
Suppose -3*v = -7*v + 304. Suppose v = 4*f - 3*s, f - 4*s = -2*s + 14. Calculate the highest common factor of 2 and f.
2
Suppose -5*w + 15 = -2*r - 0*r, 2*w + 2*r = -8. Calculate the highest common factor of 1 and w.
1
Let s be (1 - -7)/((-4)/(-8)). Let n = 18 - s. Calculate the greates